 48?
16
Suppose 14*p - 96 = 8*p. Suppose -p*q + 14*q = -34. Suppose 5*l + 5*u = 685, 7*l = 2*l + 4*u + 676. Calculate the greatest common divisor of q and l.
17
Let p(y) = 26*y**2 - 56*y + 6. Let l be p(-4). What is the greatest common divisor of l and 114?
38
Let j(y) be the third derivative of -y**6/120 - y**5/60 + 11*y**4/12 + 3*y**3/2 + 15*y**2. Let k be j(-6). Calculate the greatest common divisor of 38 and k.
19
Let p be (2 - 84/12) + (1553 - -4). Calculate the greatest common divisor of 64 and p.
16
Let h = -20 - -4. Let i = h + 18. Suppose 0*c = -w + 3*c + 13, i*w - 3*c = 20. What is the highest common factor of w and 28?
7
Let g be 140/(-18)*-6*54/45. What is the greatest common factor of 868 and g?
28
Let d = -635 - -653. Let v be ((96/(-5))/4)/(d/(-2205)). Calculate the greatest common factor of 42 and v.
42
Let h(r) = -256 - r**2 + 127 + 122 + 11*r. Let u = 17 - 9. Let l be h(u). What is the highest common factor of l and 136?
17
Suppose 0 = -4*y - 3*f + 25, -2*y - 6*f + 14 = -4*f. Suppose 9*w = y*w - 15, 2*q - 4*w = 142. What is the highest common factor of q and 715?
65
Let c be (4/(-3) - (-616)/(-24))*-1. Suppose 8 = -2*b + 2, -n + 5*b = -51. Let p be (n/(-10))/(4/(-10)). Calculate the highest common factor of c and p.
9
Let y = -27 + 29. Let b be 2543/y + (-2)/4. Suppose -104 - b = -5*p. What is the greatest common divisor of p and 25?
25
Let r = 11812 + -11000. Calculate the highest common factor of r and 348.
116
Suppose -2*a = w - 563, -467*w + 5*a - 2270 = -471*w. What is the greatest common factor of w and 425?
25
Let p be (3 + -9 + 1)/(0 + (-2)/208). What is the greatest common divisor of p and 400?
40
Let c = -71 - -193. Let q = 124 - c. Suppose -1170 = -7*g - q*g. Calculate the greatest common factor of 10 and g.
10
Suppose -4*o - 1301 = -4*c - 7*o, 0 = 5*c - 3*o - 1633. Suppose -9*j + 1942 = -c. Let z = -212 + 240. What is the highest common factor of j and z?
28
Let k(d) = d**2 - 7*d + 5. Let b be k(1). Let l be 1/b + 13 - 1. What is the highest common factor of l and 308?
11
Suppose 2*x = -5*c + 88, -x = 3*c - 7*c - 31. Let y(g) = 3*g. Let o be y(3). Calculate the greatest common factor of x and o.
3
Let i(r) = r**2 + 36*r + 342. Let z be i(-14). Calculate the greatest common factor of 119 and z.
17
Let v(g) = g**3 - 95*g**2 + 92*g + 192. Let u be v(94). What is the highest common factor of u and 920?
4
Let y be (69 + (-8 - -8))/1. Suppose 14*n + 0*n = 2576. What is the greatest common factor of n and y?
23
Let h be (-2)/(-15) - 13/((-2145)/26708). What is the greatest common divisor of 42 and h?
6
Let o = -57 + 34. Let q = -20 - o. Let p be -1 - -28 - 0*q/(-3). What is the greatest common factor of 27 and p?
27
Let v(u) = -5*u**3 - 71*u**2 - u + 243. Let o be v(-14). What is the highest common divisor of 4331 and o?
61
Suppose 0 = 4*f + 12, -2*g + 0*g - 5*f = -579. Let u = -54030 - -54057. What is the highest common divisor of g and u?
27
Let x = 17577 + -16464. What is the highest common factor of 6360 and x?
159
Let t = -23 + 28. Suppose -3*y + 3*p + 609 = 0, y = p - t*p + 178. What is the highest common factor of y and 22?
22
Let x = 11924 - 11762. Calculate the highest common divisor of x and 26.
2
Let p be -24*4/(96/(-6)). Let k = 13 + p. Calculate the highest common divisor of 190 and k.
19
Suppose 4*w - 3*a = 86, -5*w + 86 = 3*a - 35. Suppose 18*r - 1104 = 10*r. What is the greatest common divisor of w and r?
23
Let i(q) = q**2 + 4*q - 19. Let s be i(-8). Let p(f) = 28*f**2 + f + 6. Let n be p(-2). Let t = -77 + n. What is the greatest common factor of s and t?
13
Let v = -4311 + 7142. What is the greatest common factor of 19 and v?
19
Let t = -46 - -52. Suppose t*b - 12 = 3*b. Suppose 0 = -3*p + 9, 0*p - 123 = -5*l + b*p. Calculate the highest common divisor of l and 243.
27
Let l(n) = -2*n**3 + 59*n**2 + 1913*n + 56. Let o be l(49). What is the highest common divisor of 1397 and o?
11
Suppose 0 = -b - g + 778, 28*g = b + 26*g - 784. What is the greatest common factor of 9555 and b?
195
Let q be (-23)/(-7 + (-78)/(-12)). Suppose -215*o + 214*o = -598. Calculate the greatest common factor of q and o.
46
Let w be (1/(-3))/((-4)/36). Let q be 50/w - (-10)/(-15). Let a(x) = -316*x + 1724. Let v be a(5). What is the highest common divisor of q and v?
16
Suppose -2*c = -94 - 134. Suppose 2*d = 6*d - 2*o - c, -d = 4*o - 33. Calculate the highest common divisor of 667 and d.
29
Let j(o) be the second derivative of -o**5/20 + o**4 - 11*o**3/6 + 5*o**2/2 - 5*o + 2. Let k be j(11). Calculate the highest common divisor of 80 and k.
5
Let s(y) = y**3 - 12*y**2 + 23*y - 13. Let q be s(10). Suppose 10*b + 560 = q*b. Calculate the greatest common factor of 144 and b.
16
Let o be ((-189)/(-24))/((-837)/(-4464)). Calculate the greatest common factor of 2478 and o.
42
Suppose -162357 = 75*j - 256*j. What is the highest common divisor of j and 138?
69
Suppose 2*s - 57 = q + 43, 5*q - 112 = -2*s. Calculate the highest common factor of s and 425.
17
Suppose -878 = 2*k - 2*u, 5*u - 15 = 10. Let f = k + 539. Calculate the highest common divisor of f and 63.
21
Let z(b) = 6 + 8*b + 7*b**2 + 3*b**2 - 11*b**2 + 10. Let t be z(7). Let u be (t + 1)/2 - 72/(-18). What is the greatest common factor of u and 12?
4
Suppose -7 + 97 = 5*s. Suppose 62 = 5*c - 4*w, -4*c + s = -c + 4*w. Let x be (2/(-6))/(6/(-36)). Calculate the highest common divisor of c and x.
2
Suppose 18504 = 9*h - 16074. What is the highest common factor of 34 and h?
34
Let w(u) = -9*u - 7. Let c = 45 - 42. Let h be w(c). Let t = h + 38. What is the greatest common divisor of 12 and t?
4
Suppose 0 = 6*q + 2*m + 78 - 366, -2*m - 144 = -3*q. Calculate the highest common factor of q and 2256.
48
Let j = 2189 - 707. What is the greatest common factor of j and 171?
57
Let h be 12/21 - (-27 - (-17081)/(-133)). What is the highest common factor of h and 2652?
156
Let r(f) = -2*f + 33. Let b be r(11). Let n be b + (2/5 - 46/(-10)). Calculate the highest common factor of n and 16.
16
Suppose -5*z + 19676 = 4*s + 5528, 6 = -2*s. What is the greatest common factor of z and 48?
48
Suppose -3*a - 135 = -3*g - g, 0 = -2*g. Let v be (-146)/(-10) + (-18)/a. What is the highest common factor of 135 and v?
15
Let q be ((-1040)/35 + 28)*-2*(-238)/(-6). Suppose o = 4*o + 5*w + 85, 4*w - 191 = 5*o. Let i = 52 + o. What is the highest common divisor of i and q?
17
Let r be (-55)/(-15) + 1 - (-2)/6. Suppose n - r*y - 12 = 25, 58 = 2*n - 2*y. Suppose 0 = -n*w + 24*w + 30. What is the highest common divisor of w and 5?
5
Let d be 51/(-9) + 5 + 11/33*191. Calculate the highest common divisor of d and 9.
9
Suppose -2*a = 139 + 29. Let m = a - -123. Suppose 134 = 7*t + 43. What is the highest common divisor of m and t?
13
Suppose -2999 + 7658 = 68*c - 4045. What is the greatest common divisor of 328 and c?
8
Suppose -52*o + 1 = -363. What is the highest common divisor of 17 and o?
1
Suppose 2*o = -4*b + 226, 2*o - 268 = -2*b + 5*b. Calculate the greatest common factor of o and 5375.
125
Let h(v) = 12*v + 56. Let m(t) = 14*t + 56. Let r(u) = 6*h(u) - 5*m(u). Let b be r(12). What is the highest common divisor of 20 and b?
20
Let x be 231/44*(0 + 4). Let p be ((-35)/x - -1)*(-1182)/(-4). Let z = -80 - p. Calculate the greatest common factor of z and 26.
13
Suppose 12*y - 520 = 128. Calculate the highest common divisor of y and 165.
3
Let c = -10 + 20. Suppose 3*j = -4*z + 52, 2*j + z - 38 = -0*j. Let b(a) = 13*a - 190. Let l be b(j). What is the greatest common factor of c and l?
10
Suppose -21*z + 5*o + 9410 = -20*z, -28269 = -3*z + 2*o. Suppose -14*j + z = -10595. What is the greatest common divisor of 11 and j?
11
Let q be ((-1)/1)/(12*(-12)/101232). What is the highest common divisor of 37 and q?
37
Suppose 3*t + 10 + 5 = -3*n, n - 5*t - 25 = 0. Suppose m = 2 - 0. Suppose n = -4*a + j + 12 + 81, a = -m*j + 30. What is the highest common divisor of a and 8?
8
Let n = 4527 - 4491. Calculate the highest common factor of n and 2250.
18
Let u(p) = -3*p + 24. Let i be u(-7). Let t = 95 - i. Let g = -36 - -56. Calculate the highest common divisor of t and g.
10
Let i = -1480 + 1527. What is the highest common factor of i and 846?
47
Let a = 2008 - -5706. Calculate the highest common factor of a and 19